{"id":830,"date":"2020-06-11T10:21:20","date_gmt":"2020-06-11T10:21:20","guid":{"rendered":"https:\/\/imi-pharma.com\/?page_id=830"},"modified":"2022-02-09T16:52:03","modified_gmt":"2022-02-09T14:52:03","slug":"shperndarja-dhe-shitjet","status":"publish","type":"page","link":"https:\/\/imi-pharma.com\/?page_id=830","title":{"rendered":"Shperndarja dhe shitjet"},"content":{"rendered":"<div class=\"wpb-content-wrapper\"><p>[vc_row][vc_column width=&#8221;2\/3&#8243;][vc_column_text]<\/p>\r\n<p>Imi Pharma Albania sh.p.k. mbulon gjithe territorin e Shqiperise me shperndarjen e medikamenteve dhe produkteve te tjera te saj neper farmaci private, farmaci spitalore, klinika private dhe depo sekondare.<\/p>\r\n<p>Me mbi 27 vjet eksperience ne fushen e distribucionit dhe shitjeve, Imi Pharma Albania sh.p.k. eshte nje nga distributoret kryesor ne Shqiperi.<\/p>\r\n<p><strong><em><u>Strategjia <\/u><\/em><\/strong>:<\/p>\r\n<p>P\u00ebrgjegj\u00ebsia e kompanise tone \u00ebsht\u00eb e lidhur fort me strategjin\u00eb e kompanise ton\u00eb.<\/p>\r\n<p>Strategjia jon\u00eb bazohet n\u00eb qasjen e vler\u00ebs s\u00eb p\u00ebrbashk\u00ebt, me t\u00eb cil\u00ebn synojm\u00eb t\u00eb krijojm\u00eb vlera t\u00eb q\u00ebndrueshme t\u00eb shtuar p\u00ebr kompanin\u00eb ton\u00eb dhe p\u00ebr shoq\u00ebrin\u00eb.<\/p>\r\n<p>Ne i p\u00ebrq\u00ebndrojm\u00eb burimet tona n\u00eb ato fusha ku mund t\u00eb kemi ndikimin m\u00eb t\u00eb madh, te quajtura:<\/p>\r\n<p>&#8220;Sh\u00ebndeti&#8221;,<\/p>\r\n<p>&#8220;Zgjidhjet e Q\u00ebndrueshme&#8221;,<\/p>\r\n<p>&#8220;Mendjet e gjera&#8221;.<\/p>\r\n<p>Pikat kyce:<\/p>\r\n<ol>\r\n<li>Zhvillim t\u00eb vazhduesh\u00ebm dhe t\u00eb q\u00ebndruesh\u00ebm proporcional me zhvillimin ekonomik t\u00eb vendit ton\u00eb duke qen\u00eb aktiv n\u00eb politikat e k\u00ebtij sektori.<\/li>\r\n<li>Zgjerim i portofolit duke n\u00ebnshkruar kontrata me kompani t\u00eb tjera prestigjioze.<\/li>\r\n<li>Shperndarja ne kohe dhe cilesi e produkteve.<\/li>\r\n<li>Zgjerimi i zinxhirit farmaceutik.<\/li>\r\n<li>Zgjerim t\u00eb aktivitetit n\u00eb t\u00eb gjith\u00eb vendin p\u00ebr t\u00eb b\u00ebr\u00eb nj\u00eb mbulim sa m\u00eb t\u00eb mir\u00eb.<\/li>\r\n<\/ol>\r\n<p>&nbsp;<\/p>\r\n<p><strong><em><u>Synimet<\/u><\/em><\/strong><\/p>\r\n<ol>\r\n<li>Perzgjedhja cilesore t\u00eb produkteve te importuara nga ne<\/li>\r\n<li>Permiresimi i vazhdueshem i cilesise , zgjerimin dhe diferencimin e sherbimeve.<\/li>\r\n<li>Investimi kualitativ tek personeli yne<\/li>\r\n<li>Bashkekohor me teknologjine dhe inovacionet<\/li>\r\n<\/ol>\r\n<p><strong><em><u>Vlerat<\/u><\/em><\/strong><\/p>\r\n<p>Suksesi yn\u00eb \u00ebsht\u00eb i bazuar n\u00eb guxim, arritje, p\u00ebrgjegj\u00ebsi, respekt, integritet dhe transparenc\u00eb. K\u00ebto vlera formojn\u00eb pun\u00ebn ton\u00eb t\u00eb p\u00ebrditshme, m\u00ebnyr\u00ebn se si ne i p\u00ebrmbushim sfidat dhe nd\u00ebrveprimet tona me klient\u00ebt tan\u00eb, partner\u00ebt e biznesit dhe koleg\u00ebt.<\/p>\r\n<p>\u00a0<\/p>\r\n<p>[\/vc_column_text][\/vc_column][vc_column width=&#8221;1\/3&#8243;][media image=&#8221;905&#8243;][\/vc_column][\/vc_row]<\/p><\/div>","protected":false},"excerpt":{"rendered":"<p>[vc_row][vc_column width=&#8221;2\/3&#8243;][vc_column_text] Imi Pharma Albania sh.p.k. mbulon gjithe territorin e Shqiperise me shperndarjen e medikamenteve dhe produkteve te tjera te saj neper farmaci private, farmaci spitalore, klinika private dhe depo sekondare. Me mbi 27 vjet eksperience ne fushen e distribucionit dhe shitjeve, Imi Pharma Albania sh.p.k. eshte nje nga distributoret kryesor ne Shqiperi. Strategjia : [&hellip;]<\/p>\n","protected":false},"author":1,"featured_media":0,"parent":0,"menu_order":0,"comment_status":"closed","ping_status":"closed","template":"","meta":{"footnotes":""},"class_list":["post-830","page","type-page","status-publish","hentry"],"_links":{"self":[{"href":"https:\/\/imi-pharma.com\/index.php?rest_route=\/wp\/v2\/pages\/830","targetHints":{"allow":["GET"]}}],"collection":[{"href":"https:\/\/imi-pharma.com\/index.php?rest_route=\/wp\/v2\/pages"}],"about":[{"href":"https:\/\/imi-pharma.com\/index.php?rest_route=\/wp\/v2\/types\/page"}],"author":[{"embeddable":true,"href":"https:\/\/imi-pharma.com\/index.php?rest_route=\/wp\/v2\/users\/1"}],"replies":[{"embeddable":true,"href":"https:\/\/imi-pharma.com\/index.php?rest_route=%2Fwp%2Fv2%2Fcomments&post=830"}],"version-history":[{"count":7,"href":"https:\/\/imi-pharma.com\/index.php?rest_route=\/wp\/v2\/pages\/830\/revisions"}],"predecessor-version":[{"id":904,"href":"https:\/\/imi-pharma.com\/index.php?rest_route=\/wp\/v2\/pages\/830\/revisions\/904"}],"wp:attachment":[{"href":"https:\/\/imi-pharma.com\/index.php?rest_route=%2Fwp%2Fv2%2Fmedia&parent=830"}],"curies":[{"name":"wp","href":"https:\/\/api.w.org\/{rel}","templated":true}]}}