{"id":781,"date":"2014-12-09T15:04:10","date_gmt":"2014-12-09T15:04:10","guid":{"rendered":"http:\/\/localhost\/business4\/?page_id=781"},"modified":"2022-07-06T12:02:03","modified_gmt":"2022-07-06T10:02:03","slug":"contact-us","status":"publish","type":"page","link":"https:\/\/imi-pharma.com\/?page_id=781","title":{"rendered":"Kontakto me ne"},"content":{"rendered":"<div class=\"wpb-content-wrapper\"><p>[vc_row type=&#8221;full_width_content&#8221;][vc_column][vc_raw_html]JTNDaWZyYW1lJTIwc3JjJTNEJTIyaHR0cHMlM0ElMkYlMkZ3d3cuZ29vZ2xlLmNvbSUyRm1hcHMlMkZlbWJlZCUzRnBiJTNEJTIxMW0xNCUyMTFtOCUyMTFtMyUyMTFkMTExMzkuNDcxNTY0MjY5OTIxJTIxMmQxOS41MTEyMzQ2JTIxM2Q0MS4zNDE3NDIzJTIxM20yJTIxMWkxMDI0JTIxMmk3NjglMjE0ZjEzLjElMjEzbTMlMjExbTIlMjExczB4MCUyNTNBMHhjYzNhM2RmNmRiYjBiMjElMjEyc0ltaSUyNTIwUGhhcm1hJTI1MjBBbGJhbmlhJTIxNWUxJTIxM20yJTIxMXNlbiUyMTJzJTIxNHYxNjU3MTAxNTk3MzAyJTIxNW0yJTIxMXNlbiUyMTJzJTIyJTIwd2lkdGglM0QlMjIxMDAlMjUlMjIlMjBoZWlnaHQlM0QlMjI0MDAlMjIlMjBzdHlsZSUzRCUyMmJvcmRlciUzQTAlM0IlMjIlMjBhbGxvd2Z1bGxzY3JlZW4lM0QlMjIlMjIlMjBsb2FkaW5nJTNEJTIybGF6eSUyMiUyMHJlZmVycmVycG9saWN5JTNEJTIybm8tcmVmZXJyZXItd2hlbi1kb3duZ3JhZGUlMjIlM0UlM0MlMkZpZnJhbWUlM0U=[\/vc_raw_html][\/vc_column][\/vc_row][vc_row][vc_column width=&#8221;1\/3&#8243;][block_title style=&#8221;column_title&#8221; inner_style=&#8221;inline_border&#8221; title=&#8221;M\u00eb shum\u00eb informacion&#8221;][\/block_title][vc_column_text]Ne jemi t\u00eb angazhuar p\u00ebr t\u00eb q\u00ebn\u00eb Kompani udh\u00ebheq\u00ebse n\u00eb tregun Farmaceutik n\u00eb Shqip\u00ebri. T\u00eb dedikuar p\u00ebr t\u00eb siguruar zgjidhje dhe ndihmes\u00eb p\u00ebr mir\u00ebq\u00ebnien dhe sh\u00ebndetin, n\u00ebp\u00ebrmjet sh\u00ebrbimeve bashk\u00ebkohore, ofrimit t\u00eb produkteve t\u00eb cil\u00ebsis\u00eb m\u00eb t\u00eb mir\u00eb p\u00ebr pacient\u00ebt, mb\u00ebshtetjes s\u00eb sistemit sh\u00ebndet\u00ebsor dhe pjes\u00ebmarrjes aktive n\u00eb procesin e nd\u00ebrgjegj\u00ebsimit rreth s\u00ebmundjeve dhe nevojave sh\u00ebndet\u00ebsore, p\u00ebr sot dhe n\u00eb t\u00eb ardhmen.[\/vc_column_text][list icon=&#8221;linecon-icon-location&#8221;][list_item title=&#8221;IMIPHARMA Albania, Autostrada Tirane-Durres, Km.6 Godine 3-kateshe, Xhafzotaj Durres, Albania&#8221;][\/list][list icon=&#8221;linecon-icon-phone&#8221;][list_item title=&#8221;+355 (0) 4 22 15 600&#8243;][\/list][list icon=&#8221;linecon-icon-phone&#8221;][list_item title=&#8221;+355 (0) 4 22 15 500&#8243;][\/list][list icon=&#8221;linecon-icon-mail&#8221;][list_item title=&#8221;info@imi-pharma.com&#8221;][\/list][vc_column_text]<\/p>\n<p><h4 class=\"shortcode_h5\">Mir\u00eb se vini !<\/h5>[\/vc_column_text][\/vc_column][vc_column width=&#8221;2\/3&#8243;][block_title style=&#8221;column_title&#8221; inner_style=&#8221;inline_border&#8221; title=&#8221;Kontakto me ne&#8221;][\/block_title]\n<div class=\"wpcf7 no-js\" id=\"wpcf7-f6-o1\" lang=\"en-US\" dir=\"ltr\" data-wpcf7-id=\"6\">\n<div class=\"screen-reader-response\"><p role=\"status\" aria-live=\"polite\" aria-atomic=\"true\"><\/p> <ul><\/ul><\/div>\n<form action=\"\/index.php?rest_route=%2Fwp%2Fv2%2Fpages%2F781#wpcf7-f6-o1\" method=\"post\" class=\"wpcf7-form init\" aria-label=\"Contact form\" novalidate=\"novalidate\" data-status=\"init\">\n<fieldset class=\"hidden-fields-container\"><input type=\"hidden\" name=\"_wpcf7\" value=\"6\" \/><input type=\"hidden\" name=\"_wpcf7_version\" value=\"6.1.5\" \/><input type=\"hidden\" name=\"_wpcf7_locale\" value=\"en_US\" \/><input type=\"hidden\" name=\"_wpcf7_unit_tag\" value=\"wpcf7-f6-o1\" \/><input type=\"hidden\" name=\"_wpcf7_container_post\" value=\"0\" \/><input type=\"hidden\" name=\"_wpcf7_posted_data_hash\" value=\"\" \/>\n<\/fieldset>\n<p><label> Emri (k\u00ebrkohet)<br \/>\n<span class=\"wpcf7-form-control-wrap\" data-name=\"emri\"><input size=\"40\" maxlength=\"400\" class=\"wpcf7-form-control wpcf7-text wpcf7-validates-as-required\" aria-required=\"true\" aria-invalid=\"false\" value=\"\" type=\"text\" name=\"emri\" \/><\/span> <\/label>\n<\/p>\n<p><label> Email (k\u00ebrkohet)<br \/>\n<span class=\"wpcf7-form-control-wrap\" data-name=\"email-i\"><input size=\"40\" maxlength=\"400\" class=\"wpcf7-form-control wpcf7-email wpcf7-validates-as-required wpcf7-text wpcf7-validates-as-email\" aria-required=\"true\" aria-invalid=\"false\" value=\"\" type=\"email\" name=\"email-i\" \/><\/span> <\/label>\n<\/p>\n<p><label> Subjekti<br \/>\n<span class=\"wpcf7-form-control-wrap\" data-name=\"subjekti\"><input size=\"40\" maxlength=\"400\" class=\"wpcf7-form-control wpcf7-text\" aria-invalid=\"false\" value=\"\" type=\"text\" name=\"subjekti\" \/><\/span> <\/label>\n<\/p>\n<p><label> P\u00ebrmbajtja e mesazhit<br \/>\n<span class=\"wpcf7-form-control-wrap\" data-name=\"mesazhi\"><textarea cols=\"40\" rows=\"10\" maxlength=\"2000\" class=\"wpcf7-form-control wpcf7-textarea\" aria-invalid=\"false\" name=\"mesazhi\"><\/textarea><\/span> <\/label>\n<\/p>\n<p><input class=\"wpcf7-form-control wpcf7-submit has-spinner\" type=\"submit\" value=\"D\u00ebrgo\" \/>\n<\/p><p style=\"display: none !important;\" class=\"akismet-fields-container\" data-prefix=\"_wpcf7_ak_\"><label>&#916;<textarea name=\"_wpcf7_ak_hp_textarea\" cols=\"45\" rows=\"8\" maxlength=\"100\"><\/textarea><\/label><input type=\"hidden\" id=\"ak_js_1\" name=\"_wpcf7_ak_js\" value=\"57\"\/><script>document.getElementById( \"ak_js_1\" ).setAttribute( \"value\", ( new Date() ).getTime() );<\/script><\/p><div class=\"wpcf7-response-output\" aria-hidden=\"true\"><\/div>\n<\/form>\n<\/div>\n[\/vc_column][\/vc_row]<\/p>\n<\/div>","protected":false},"excerpt":{"rendered":"<p>[vc_row type=&#8221;full_width_content&#8221;][vc_column][vc_raw_html]JTNDaWZyYW1lJTIwc3JjJTNEJTIyaHR0cHMlM0ElMkYlMkZ3d3cuZ29vZ2xlLmNvbSUyRm1hcHMlMkZlbWJlZCUzRnBiJTNEJTIxMW0xNCUyMTFtOCUyMTFtMyUyMTFkMTExMzkuNDcxNTY0MjY5OTIxJTIxMmQxOS41MTEyMzQ2JTIxM2Q0MS4zNDE3NDIzJTIxM20yJTIxMWkxMDI0JTIxMmk3NjglMjE0ZjEzLjElMjEzbTMlMjExbTIlMjExczB4MCUyNTNBMHhjYzNhM2RmNmRiYjBiMjElMjEyc0ltaSUyNTIwUGhhcm1hJTI1MjBBbGJhbmlhJTIxNWUxJTIxM20yJTIxMXNlbiUyMTJzJTIxNHYxNjU3MTAxNTk3MzAyJTIxNW0yJTIxMXNlbiUyMTJzJTIyJTIwd2lkdGglM0QlMjIxMDAlMjUlMjIlMjBoZWlnaHQlM0QlMjI0MDAlMjIlMjBzdHlsZSUzRCUyMmJvcmRlciUzQTAlM0IlMjIlMjBhbGxvd2Z1bGxzY3JlZW4lM0QlMjIlMjIlMjBsb2FkaW5nJTNEJTIybGF6eSUyMiUyMHJlZmVycmVycG9saWN5JTNEJTIybm8tcmVmZXJyZXItd2hlbi1kb3duZ3JhZGUlMjIlM0UlM0MlMkZpZnJhbWUlM0U=[\/vc_raw_html][\/vc_column][\/vc_row][vc_row][vc_column width=&#8221;1\/3&#8243;][block_title style=&#8221;column_title&#8221; inner_style=&#8221;inline_border&#8221; title=&#8221;M\u00eb shum\u00eb informacion&#8221;][\/block_title][vc_column_text]Ne jemi t\u00eb angazhuar p\u00ebr t\u00eb q\u00ebn\u00eb Kompani udh\u00ebheq\u00ebse n\u00eb tregun Farmaceutik n\u00eb Shqip\u00ebri. T\u00eb dedikuar p\u00ebr t\u00eb siguruar zgjidhje dhe ndihmes\u00eb p\u00ebr mir\u00ebq\u00ebnien dhe sh\u00ebndetin, n\u00ebp\u00ebrmjet sh\u00ebrbimeve bashk\u00ebkohore, ofrimit t\u00eb produkteve t\u00eb cil\u00ebsis\u00eb m\u00eb t\u00eb mir\u00eb p\u00ebr pacient\u00ebt, mb\u00ebshtetjes s\u00eb sistemit sh\u00ebndet\u00ebsor dhe pjes\u00ebmarrjes aktive n\u00eb procesin [&hellip;]<\/p>\n","protected":false},"author":1,"featured_media":0,"parent":0,"menu_order":0,"comment_status":"open","ping_status":"open","template":"","meta":{"footnotes":""},"class_list":["post-781","page","type-page","status-publish","hentry"],"_links":{"self":[{"href":"https:\/\/imi-pharma.com\/index.php?rest_route=\/wp\/v2\/pages\/781","targetHints":{"allow":["GET"]}}],"collection":[{"href":"https:\/\/imi-pharma.com\/index.php?rest_route=\/wp\/v2\/pages"}],"about":[{"href":"https:\/\/imi-pharma.com\/index.php?rest_route=\/wp\/v2\/types\/page"}],"author":[{"embeddable":true,"href":"https:\/\/imi-pharma.com\/index.php?rest_route=\/wp\/v2\/users\/1"}],"replies":[{"embeddable":true,"href":"https:\/\/imi-pharma.com\/index.php?rest_route=%2Fwp%2Fv2%2Fcomments&post=781"}],"version-history":[{"count":17,"href":"https:\/\/imi-pharma.com\/index.php?rest_route=\/wp\/v2\/pages\/781\/revisions"}],"predecessor-version":[{"id":1400,"href":"https:\/\/imi-pharma.com\/index.php?rest_route=\/wp\/v2\/pages\/781\/revisions\/1400"}],"wp:attachment":[{"href":"https:\/\/imi-pharma.com\/index.php?rest_route=%2Fwp%2Fv2%2Fmedia&parent=781"}],"curies":[{"name":"wp","href":"https:\/\/api.w.org\/{rel}","templated":true}]}}